{"id":89,"date":"2019-10-27T14:50:08","date_gmt":"2019-10-27T14:50:08","guid":{"rendered":"https:\/\/www.hosting124082.a2fd9.netcup.net\/multigatest\/?page_id=89"},"modified":"2023-02-28T19:38:14","modified_gmt":"2023-02-28T19:38:14","slug":"deutsch","status":"publish","type":"page","link":"https:\/\/www.multiga.de\/index.php\/deutsch\/","title":{"rendered":"Deutsch"},"content":{"rendered":"\r\n<p><strong>Deutsch als Fremdsprache (DaF)<\/strong><\/p>\r\n\r\n\r\n\r\n<ul class=\"wp-block-list\">\r\n<li>Einzelunterricht<\/li>\r\n<li>Gruppenunterricht<\/li>\r\n<li>Integrationskurse &#8211; Niveau A2 -B1<\/li>\r\n<li>Berufsbezogener Deutschunterricht (z.B. Techniker, Ingenieure, Pflegekr\u00e4fte) &#8211; Niveau B1\/C1<\/li>\r\n<li>Deutsch f\u00fcr \u00c4rzte\/\u00c4rztinnen &#8211; Niveau C1<\/li>\r\n<li>Intensivkurse<\/li>\r\n<li>Pr\u00fcfungsvorbereitungskurse DaF<\/li>\r\n<li>Ma\u00dfgeschneiderte Firmenkurse<\/li>\r\n<li>Wirtschaftsdeutsch (f\u00fcr ausl\u00e4ndische F\u00fchrungskr\u00e4fte)<\/li>\r\n<li>Kurse mit spezifischem Fokus wie Aussprache, Grammatik, Rechtsschreibung, Schreibtraining<\/li>\r\n<\/ul>\r\n\r\n\r\n\r\n<p><strong>Die Kurse werden inhaltlich optimal auf Ihre W\u00fcnsche und Bed\u00fcrfnisse abgestimmt. <\/strong><\/p>\r\n","protected":false},"excerpt":{"rendered":"<p>Deutsch als Fremdsprache (DaF) Einzelunterricht Gruppenunterricht Integrationskurse &#8211; Niveau A2 -B1 Berufsbezogener Deutschunterricht (z.B. Techniker, Ingenieure, Pflegekr\u00e4fte) &#8211; Niveau B1\/C1 Deutsch f\u00fcr \u00c4rzte\/\u00c4rztinnen &#8211; Niveau C1 Intensivkurse Pr\u00fcfungsvorbereitungskurse DaF Ma\u00dfgeschneiderte Firmenkurse Wirtschaftsdeutsch (f\u00fcr ausl\u00e4ndische F\u00fchrungskr\u00e4fte) Kurse mit spezifischem Fokus wie Aussprache, Grammatik, Rechtsschreibung, Schreibtraining Die Kurse werden inhaltlich optimal auf Ihre W\u00fcnsche und Bed\u00fcrfnisse abgestimmt.<\/p>\n","protected":false},"author":3,"featured_media":0,"parent":0,"menu_order":0,"comment_status":"closed","ping_status":"closed","template":"","meta":{"footnotes":""},"class_list":["post-89","page","type-page","status-publish","hentry","entry"],"_links":{"self":[{"href":"https:\/\/www.multiga.de\/index.php\/wp-json\/wp\/v2\/pages\/89","targetHints":{"allow":["GET"]}}],"collection":[{"href":"https:\/\/www.multiga.de\/index.php\/wp-json\/wp\/v2\/pages"}],"about":[{"href":"https:\/\/www.multiga.de\/index.php\/wp-json\/wp\/v2\/types\/page"}],"author":[{"embeddable":true,"href":"https:\/\/www.multiga.de\/index.php\/wp-json\/wp\/v2\/users\/3"}],"replies":[{"embeddable":true,"href":"https:\/\/www.multiga.de\/index.php\/wp-json\/wp\/v2\/comments?post=89"}],"version-history":[{"count":5,"href":"https:\/\/www.multiga.de\/index.php\/wp-json\/wp\/v2\/pages\/89\/revisions"}],"predecessor-version":[{"id":575,"href":"https:\/\/www.multiga.de\/index.php\/wp-json\/wp\/v2\/pages\/89\/revisions\/575"}],"wp:attachment":[{"href":"https:\/\/www.multiga.de\/index.php\/wp-json\/wp\/v2\/media?parent=89"}],"curies":[{"name":"wp","href":"https:\/\/api.w.org\/{rel}","templated":true}]}}